 = -x + 1. Let q(j) = d*t(j) - r(j). Calculate q(-6).
4
Let o = 19 - 23. Let k(p) be the first derivative of p**4/4 + p**3 - 3*p**2/2 - 1. What is k(o)?
-4
Let z(d) = -d + 4. Let h(i) = -i**2 + 5*i - 4. Let y be h(3). Suppose 0 = -0*v - 3*v - y*u - 2, -3 = -2*v + 3*u. Determine z(v).
4
Suppose 5*i + 3*s - 12 = 6, i + 2*s = 5. Suppose -k - i = -4. Suppose 5*m - 11 = -k. Let a(j) = j**3 - 3*j**2 + j. Determine a(m).
-2
Let h(m) = -3*m + 6 - m**2 + m - 4*m - 9. Let n(k) = -k**3 - 11*k**2 - 8*k + 14. Let i be n(-10). Give h(i).
-3
Let z(v) = v**3 + 3*v**2 - 5*v. Let k be 2*(-12)/(-9)*-3. Let f = k - -4. Let x be z(f). Let b(a) = -a + 1. What is b(x)?
-3
Let a = 12 + -23/2. Let c(y) be the first derivative of 2*y + 1 - a*y**2. Give c(-4).
6
Let z(n) = -n - 3. Let y(l) = -9*l**2 + l. Let o be y(1). Let f(c) = c**2 + 7*c - 4. Let s be f(o). Suppose 4*w + 7 = 4*b + 3, -5*w = s*b + 5. Give z(b).
-3
Let y(d) = -9*d**2 - 12*d - 2. Let x(m) = -5*m**2 - 6*m - 1. Let a(n) = 7*x(n) - 4*y(n). Suppose -2*p + p = -5*h - 15, p = -5*h - 25. Determine a(p).
-4
Let t be 3293/555 + (-2)/(-30). Let u(s) = -5*s**2 - 24*s + 27. Let o(f) = -f**2 - 6*f + 7. Let g(p) = -9*o(p) + 2*u(p). What is g(t)?
-9
Let w be 30/(-15) + (8 - 1). Let i(n) be the second derivative of -n**4/12 + 7*n**3/6 - 3*n**2 + 2*n. What is i(w)?
4
Let z(b) = -5*b - 1. Let q(v) = 5*v + 1. Let k(g) = -3*q(g) - 2*z(g). Give k(2).
-11
Let m(h) be the third derivative of h**6/120 + h**5/15 + h**4/24 + 2*h**3/3 + 11*h**2. Determine m(-4).
0
Let u(x) be the third derivative of -x**6/120 + x**5/20 - x**4/12 + x**3/6 - 8*x**2. Calculate u(3).
-5
Let v(g) = 19*g. Let m be v(1). Let p = -11 + m. Let h(a) = -a + 2. Calculate h(p).
-6
Let j(o) = 2*o**2 - 7*o - 1. Let l(x) = x. Let m(g) = -j(g) - 4*l(g). Give m(3).
-8
Let w(k) = 6*k + 44. Let z(d) = d + 9. Let o(l) = -l**2 - 1. Let t be o(1). Let y(u) = t*w(u) + 11*z(u). Suppose 0 = -3*r + 5 + 10. Give y(r).
6
Let p(u) = -2*u - 3. Let d = 3 + 1. Suppose -3*j - d - 5 = 0. What is p(j)?
3
Let x(l) = -3*l + 5 - 4 + 7*l + 6*l. What is x(-1)?
-9
Suppose 0 = 2*i + 2, 4*u - 2*i + 7 = u. Let c(r) = -4*r - r**2 - r + 3 + 4*r. Determine c(u).
-3
Let m be (-18)/12*(-4)/(-6). Let t = 3 + m. Suppose 14 = 3*o + t. Let c(h) = h**3 - 4*h**2 + 2*h - 5. Determine c(o).
3
Let a = -3 - -10. Let n(w) = a - 2 + 0 + w. What is n(-4)?
1
Let g be 7/((-15)/5 + 4). Let r(i) = i**2 - 5*i - 9. Calculate r(g).
5
Let w(m) = m**2 - 13*m - 20. Suppose -b + 4 = -5*n, -2*n - 66 = 5*b - 10*b. Calculate w(b).
-6
Let f be (3*-5)/(6/(-4)). Suppose l + 3*t - f = 0, 3*l + 2*l - 3*t - 32 = 0. Let a(s) = l - 2 - 2 - 2 + s. Give a(4).
5
Let h be (-3)/(-3) - 20/24. Let o(y) be the second derivative of -y + h*y**3 + 0 + 7/2*y**2. What is o(-5)?
2
Let f(y) = y**3 - 6*y**2 + 5*y + 1. Let l be 3/(0 + (-9)/6). Let n be 5 - ((2 - 0) + l). Give f(n).
1
Suppose 0*p = 3*p + p. Let j(g) = 0 + g**2 + 0 + 4. What is j(p)?
4
Let t(i) = 3 + 15 - 5*i - 6 - 5 - 6*i**2 - i**3. What is t(-5)?
7
Let z(l) = -2*l**2 + 2*l**2 + 1 + l**3 - 4*l - 2*l**2 + 0*l**2. Let h = -31 + 34. Calculate z(h).
-2
Let t(i) be the third derivative of -i**5/60 + 3*i**4/8 + 4*i**3/3 - 2*i**2 - i. Determine t(10).
-2
Let z(p) be the second derivative of p**6/360 - p**5/40 + p**4/24 - p**3/6 + 2*p. Let u(s) be the second derivative of z(s). Give u(3).
1
Let u = -10 - -11. Let g(o) = 5*o**3 + o - 1. What is g(u)?
5
Let q be -2*(4/(-4))/2. Let s(h) = -h - h**2 - q + 1 + 5 - 4*h. What is s(-5)?
5
Let z(m) be the first derivative of m**5/60 + m**4/12 + m**2/2 + 1. Let v(p) be the second derivative of z(p). Give v(-2).
0
Suppose 5*j - 29 = -9. Suppose -5*v + 134 = 54. Suppose j*s - v = 0, -3*m + m = -s. Let q(u) = u**2 + u. What is q(m)?
6
Let p(x) = -x + 2. Let s be p(0). Let a(q) = -2 + 5*q**3 - 4*q**s - 4*q**3 + 4*q - 5*q - 2*q**3. What is a(-2)?
-8
Let i(q) = -q + 4. Let y(g) = -g - 2. Let u be y(-6). Let w be 2/u + (-29)/2. Let n = -9 - w. Determine i(n).
-1
Let r(v) be the first derivative of -v**2/2 - 3*v - 1. Let l be r(-5). Let f(s) = 2 - s - 3 + s**l + s**3 + 2 + 1. What is f(-2)?
0
Let v(u) be the second derivative of -2*u - 5/2*u**2 + 5/6*u**3 - 1/2*u**4 + 0 + 1/20*u**5. Give v(5).
-5
Let q(v) = v**2 - 5*v - 1. Let y be q(5). Let t(p) = 4*p - 1. Let j(h) = h + 1. Let n(k) = y*t(k) + 2*j(k). Let x = 12 - 7. What is n(x)?
-7
Let k = -4 - -4. Suppose -4 = -k*z - z. Let h(x) = -5*x + 3. Let r(n) = -n. Let f(s) = z*r(s) - h(s). Calculate f(0).
-3
Suppose 0 = -13*p + 3*p - 40. Let u(j) = -j. Let g(y) = -y**2 - 12*y - 1. Let k(z) = g(z) - 6*u(z). Determine k(p).
7
Let g = -24 - -18. Let k(v) = -v + 2. Calculate k(g).
8
Let d(k) = k. Suppose 0 = 5*n - 4*q + 7, -5*n + 3*q - 6 = -2. Let o be n*(2 + -3 + 0). Calculate d(o).
-1
Let w(u) = -8*u**3 - 4 + 2*u**3 + u**2 + 7*u**3. Suppose 3*j = 5*j. Give w(j).
-4
Let f(w) = -2*w + 4. Suppose i + 18*i = -76. Calculate f(i).
12
Let b = 8 - 3. Let k(a) = 5*a + 2. Let h(i) = 24*i + 10. Let y(x) = 3*h(x) - 14*k(x). Give y(b).
12
Let c(b) = 5*b - 6. Let z(a) = 14*a - 17. Let f(x) = 11*c(x) - 4*z(x). Suppose -5*v = -v - 4, 10 = -i + 4*v. Determine f(i).
8
Let g(q) = 3*q + 1. Suppose 3*k - 3*s + 9 = -0, -s = -3*k + 1. Calculate g(k).
7
Let x = -14 + 22. Let b = 12 - x. Let i(o) = -o**3 + 5*o**2 - 5*o - 2. Determine i(b).
-6
Let b(h) = 5*h**2. Let o(j) = j**2 - 2*j - 4. Let x be o(4). Suppose 4*r + 0 = -x. Give b(r).
5
Let t(u) = 4*u - 2. Suppose -5*l = d - 1, -4*l + 4 = d + 3. Let w be (6 - 3)*(1 - l). Let s(h) = -3*h + 1. Let v(j) = w*s(j) + 2*t(j). What is v(-4)?
3
Let j(h) = h**2 - h - 1. Let k be j(1). Let s(i) be the first derivative of 5*i**3/3 + i**2/2 + 37. Calculate s(k).
4
Let l(t) = 7*t + 11. Let w(c) = 11*c + 17. Let b(q) = -q**2 - 5. Let v be b(0). Let n(x) = v*w(x) + 8*l(x). Let y = 19 + -23. Determine n(y).
-1
Suppose 7*c - 73 = -52. Let s(y) be the second derivative of y**3/2 - 3*y**2/2 - y. Calculate s(c).
6
Let n(g) = -1. Let a(q) = 7*q**2 + 2*q - 1. Let s(r) = 13*r**2 + 4*r - 1. Let x(v) = 11*a(v) - 6*s(v). Let j(p) = 4*n(p) - x(p). What is j(2)?
9
Let h(j) = -10*j**3 + j + 1. Let o(y) = -y**2 - 13*y - 5. Let f be o(-12). Let a = f - 8. Calculate h(a).
10
Let o(n) = 7*n**3 - 8*n**3 - 2*n**2 - 4*n + 8*n**2 + 4. What is o(5)?
9
Let h(j) be the third derivative of -j**5/60 + j**4/6 - 20*j**2. Let k be 0*1/2 + 3. Suppose k*s - 7 = 5. Give h(s).
0
Suppose 4*a - 7 = 3*b, 5*b = -2*a - 23 - 6. Let z(p) = -3*p**2 + 3*p + 5. Let u(k) = -3*k**2 + 2*k + 4. Let s(o) = 6*u(o) - 5*z(o). Give s(a).
-7
Let r(p) = -7*p**2 - 18*p + 2. Let l(o) = -6*o**2 - 16*o + 1. Let u(i) = -6*l(i) + 5*r(i). Give u(-5).
-1
Let j = 102/7 - 278/21. Let a(v) be the first derivative of -j*v**3 - 2*v - 1/2*v**4 - 2*v**2 + 1. What is a(-2)?
6
Suppose 0 = -2*h + 2*o - 2, -o = -4*h + o - 8. Let t be (-2)/h - 40/6. Let x(a) = -a**3 - 5*a**2 + 8*a + 7. Calculate x(t).
-5
Let q(g) = -g**3 - 5*g**2 + 5*g - 3. Suppose 0 = -2*r - 5 - 7. Let b be q(r). Let l(h) = h - 5*h - 147 + 2*h**2 + 146. Give l(b).
5
Let a(w) be the second derivative of -w**3/6 - 2*w. Let c(o) = -o - 1. Let m be c(-5). Determine a(m).
-4
Let v = 16 + -32. Let a be 5/2*v/(-10). Suppose a = 3*h + 19. Let b(f) = -f - 6. Calculate b(h).
-1
Let m(n) = n**3 - 4*n**2 - 4*n + 1. Let u be (-116)/(-20) + (-1)/(-5). Suppose -c = -u*c + 25. What is m(c)?
6
Let i(h) be the second derivative of h**5/20 + 5*h**4/12 + h**3/3 + 7*h**2/2 + 8*h. Give i(-5).
-3
Let d(m) = m**3 + 3*m**2 + m + 1. Let l = 31 + -21. Let h be (16/l)/(4/(-20)). Let r = h - -6. What is d(r)?
3
Let n(j) = 7*j**3 - 2*j**2 + 2*j - 1. Suppose 2*y - 1 - 1 = 2*i, 0 = 2*i - y. Suppose f - 4*l = i, -f - 4*l = 1 - 2. Calculate n(f).
6
Let z(b) = -6*b**3 - 11*b**2. Let o(v) = 5*v**3 + 10*v**2. Let a(d) = 7*o(d) + 6*z(d). What is a(3)?
9
Let b = 4 - 1. Suppose 0 = -4*p - 3*l + 9, -2*l = -4*p - 3*l + b. Let q(d) = 2*d + p*d**2 + 0*d - 4*d**2 + d**3. Determine q(3).
-3
Suppose -2*p - 3*p + 25 = 5*s, -4*s = -3*p + 15. Let h(d) = -d + 9. Determine h(p).
4
Let z be (-4 + 3 - -1)*1. Let b(a) = 10*a - a**2 - 7*a + z*a**2 + 3. Determine b(3).
3
Let k(r) = r - 3. Let m be k(-4). Let w = 10 + m. Let o(q) = 0 - 2 - 3*q**2 - 6*q + 9*q + q**w. What is o(3)?
7
Let y(s) = s**3 + 6*s**2 + 6*s - 4. Let l(p) = 8*p**3 + 2*p**2 - 1. Let n be l(1